*r = -5*r - 3*x + 35, -5*r + 40 = 4*x. Give o(r).
6
Let t(m) be the third derivative of 1/6*m**3 + 0 + 1/8*m**4 + 2*m**2 + 0*m. Give t(-2).
-5
Suppose -35 = 4*h + z + 2*z, 4*h + z = -25. Let f(p) = 3 - 1 + 4 + p. Give f(h).
1
Let m(p) be the second derivative of -p**4 + p**2/2 - p. Let h be 5/15 - 4/12. Suppose -2*n - 3*c - 14 = h, 0 = 3*n + 5*c + 20 + 3. Determine m(n).
-11
Let y(m) = 2*m**2 + m - 2. Let w(b) = -2*b**2 - 2*b + 2. Let s(q) = 2*w(q) + 3*y(q). Give s(3).
13
Let n(h) = -h**2 - 4*h + 2. Let c(u) = -u**2 - 9*u - 8. Let p be c(-8). Suppose -8 = 2*o - p*o. Give n(o).
2
Let x(j) = 3*j - 6. Let g be x(1). Let t(n) = -3*n**3 - n**2 - 3*n - 2. Let a(o) = 2*o**3 + 2*o + 2. Let z(b) = -4*a(b) - 3*t(b). What is z(g)?
-5
Suppose -9*z + 3*z + 24 = 0. Let s(l) = -l**2 + 6*l - 4. Determine s(z).
4
Let l(x) = -391 + x + x**2 + 391. What is l(1)?
2
Let j(f) = 3*f - 1. Let c be j(-1). Let v(d) = d**3 - d**2. Let p be v(0). Let u(g) = 4 + g**2 + 6*g + 1 + p. Give u(c).
-3
Suppose 0 = -0*t + 2*t + 26. Let p = -7 - t. Suppose -3*o = -p*o + 12. Let l(u) = u**2 - 4*u + 4. Determine l(o).
4
Let x(w) = -w**3 + 5*w**2 - 2*w + 5. Let o be ((-5)/(-3))/((-13)/(-39)). What is x(o)?
-5
Let r(w) = -2*w**2 + 5. Let p(s) = s**2 - 2. Let v(c) = -7*p(c) - 3*r(c). Determine v(-3).
-10
Let r(m) = -3*m - 1. Let h(s) = -3*s - 2. Suppose 4 = -4*o - 8. Let z(f) = o*r(f) + 2*h(f). Give z(2).
5
Let g(n) = n**3 + n**2 + n - 1. Let s(i) = -2*i**3 + 3*i**2 - 12*i - 2. Let p(y) = -3*g(y) - s(y). Give p(-7).
-9
Let p(c) be the first derivative of -3*c**4 + 2*c**3/3 - c - 3. Give p(-1).
13
Suppose -12*g + 6 = -10*g. Let n(r) = r**2 - 4*r + 3. What is n(g)?
0
Let b(s) be the first derivative of -s**3/3 - 5*s**2/2 - 6*s - 15. What is b(-4)?
-2
Let l(v) = 2*v**2 - 5*v - 1. Let s(a) = 3*a + 0*a + 2*a - 4*a - 2. Let b be s(6). Give l(b).
11
Let w(p) be the second derivative of p**3/6 + 5*p**2/2 - 5*p. Let d = -11 + 7. Calculate w(d).
1
Suppose 5*b + 8 = -2*j, b = -j - 3*b - 10. Let o(h) be the third derivative of h**5/60 - 7*h**4/24 + h**3 - 44*h**2. What is o(j)?
0
Let h(b) = 2*b**3 - 2*b**2 - b - 2. Let j = -7 + 12. Suppose 5*o + 4*s = 14, 0*o + j*o - 3*s - 7 = 0. Determine h(o).
4
Let t(k) = -k**2 - 6*k + 2. Let u(z) = -z**3 + 14*z**2 - 12*z - 18. Let n be u(13). Determine t(n).
7
Suppose -3*k + 11 = 2. Let m(o) = 2 + o**k + 0 - 8*o + 11*o. Determine m(-2).
-12
Let w(n) = n**3 - n**2 + n + 5. Let s be w(0). Let v(c) = -6 - 2*c + 5*c - 2*c. Give v(s).
-1
Let a(l) = l**3 + 3*l**2 + l + 2. Let d be 0 - (-1)/2 - 231/66. Calculate a(d).
-1
Suppose -c + 2*c = 1. Suppose -5*v + 3*v + c = -w, -3*v - 9 = -5*w. Suppose 7 = -w*n - 4*i, 2 = -5*n - 3*i + 5. Let a(z) = -z + 1. Calculate a(n).
-2
Let i(q) = -q + 1. Let a be ((-150)/(-18) + -7)*(-3)/(-2). Determine i(a).
-1
Let w(a) = -a. Let x(s) = -2*s - 26. Let u be x(-14). What is w(u)?
-2
Let d(o) = -o**2 - 7*o. Let z be d(-7). Let b(h) = 5*h - 16. Suppose -33 = 2*m - 5*m. Let k(i) = i - 3. Let n(l) = m*k(l) - 2*b(l). Calculate n(z).
-1
Let m(v) = v**2 - 10*v + 2. Let j(i) = -i**3 - 16*i**2 - 31*i - 32. Let w be j(-14). Give m(w).
2
Let t(v) = v**2 - 5*v. Suppose 22 = 4*f - 2. Determine t(f).
6
Let i(l) = l**2 + 5*l - 6. Suppose -5*u - 33 = -3. Calculate i(u).
0
Let y(v) = 6 - 9 - v + 11. What is y(0)?
8
Let n(j) = 2*j - 2. Suppose 0*k = 2*k - 12. Let u(l) = -3*l + 3. Let a(t) = k*n(t) + 5*u(t). Let r be 3 + (0 - 0) + 0. Calculate a(r).
-6
Let u(t) = t - 21*t**2 + 10*t**2 + 6 + 10*t**2. What is u(5)?
-14
Let d(t) = 0 - 8 - t + 5 + 2*t. Determine d(-3).
-6
Let l(k) = 14*k**3 + 9 - 7 - 15*k**3 - 10*k**2. Give l(-10).
2
Suppose 4*v + 8 = -4. Let w(k) = 3 - 4*k + k**3 + 2*k**2 - 4 + 2. Determine w(v).
4
Let q(l) = 4*l**3 - 4*l**2 - l - 11. Let i(y) = 3*y**3 - 3*y**2 - y - 10. Let n be 3 + 4*(-9)/6. Let v(b) = n*i(b) + 2*q(b). Suppose -5*c = -0*c. What is v(c)?
8
Let v(p) = -p - 3. Suppose 4*w - 25 = -w. Let m be v(w). Let o be (-10)/m*12/(-3). Let l(q) = -q**2 - 6*q - 2. Calculate l(o).
3
Suppose 13*s + 18 = 10*s. Let r(u) = -u**3 - 5*u**2 + 4*u + 1. Determine r(s).
13
Let m(c) = 4*c + 9 - 2 - 4. Determine m(-2).
-5
Suppose 0 = 4*o + 5*j - 11, 4*o - 12 = 2*j - 6*j. Let n(z) = 0 - 6*z + 4*z - o*z - 1. Give n(1).
-7
Suppose r + 2 = 4. Let u(t) be the third derivative of 1/3*t**3 - 1/6*t**4 - 2*t**r + 1/60*t**5 + 0*t + 0. Determine u(4).
2
Suppose 34 = 2*b - 4*y, 3*b - 3*y - 53 = -b. Let i(w) = -w + 14. What is i(b)?
3
Let w(o) = -14 + 4*o + 9 - 3*o. Let h = -12 - -17. Determine w(h).
0
Let j be ((-2)/(-6))/(13/117). Let l(r) be the third derivative of r**4/12 + r**3/6 + 2*r**2. Calculate l(j).
7
Let x(g) = 3 - 12*g**2 - 3*g - 4 + g. Let t be (-2 + 0)/(79 - 77). Calculate x(t).
-11
Let c be 42/(-189) + (-58)/(-18). Let h(p) be the second derivative of -1/4*p**4 + 2*p + 0 + p**2 + 1/2*p**c - 1/20*p**5. Determine h(-3).
-7
Let b(l) = l - 9. Let i be b(10). Let c be i*(-3)/(-3)*0. Let o(h) = h**3 + h**2 + 6. Determine o(c).
6
Let m = 0 - 6. Let y(n) = -n**2 - 8*n + 1. Determine y(m).
13
Let i(t) be the first derivative of -t**2/2 - 4*t - 2. Let u be 10/2*2/(-5). Calculate i(u).
-2
Let y(w) = 2*w**2 - 2*w - 3. Suppose -t = -6*t + 15. Give y(t).
9
Let o(p) = -p**2 + 7*p - 7. Suppose -4 + 10 = f. Determine o(f).
-1
Let m(t) be the third derivative of -t**6/120 - t**5/10 - t**4/8 + t**3/2 + 16*t**2. Give m(-5).
-7
Let o(j) = j + 3. Let z be o(-6). Let i(x) = 3*x + 3. What is i(z)?
-6
Suppose -3*b + 2 - 9 = 4*z, 1 = -b - 2*z. Let l(h) be the first derivative of h**3/3 + 3*h**2/2 - 6*h - 2. What is l(b)?
4
Let r(o) = o**3 + 3*o**2 - 2*o + 3. Let n(s) = -2*s - 2. Let l be n(-2). Suppose -5*w + l - 7 = 0. Let t = -3 + w. What is r(t)?
-5
Let s be 3/6 + (-22)/(-4). Let o = s - 3. Let r(l) = -12*l + 17. Let q(f) = 3*f - 4. Let g(z) = -9*q(z) - 2*r(z). Give g(o).
-7
Let r(c) = 5*c - 4. Let q(m) = -m + 1. Let h(o) = -22*q(o) - 4*r(o). Let l be (1/2)/((-1)/(-10)). Let v be h(l). Let w(j) = j**3 - 5*j**2 + 4*j + 4. Give w(v).
4
Let i(q) = 1. Let x(r) = 6*r + 3. Let m(b) = -5*b - 2. Let f(w) = 5*m(w) + 4*x(w). Let o(l) = -2*f(l) + 6*i(l). Determine o(3).
8
Let f(s) = -s**3 - s**2 + 2*s - 1. Let v be -4*1 + -10 + 16. Determine f(v).
-9
Let j(a) be the third derivative of -a**6/720 - a**5/120 - 5*a**4/24 - 9*a**2. Let v(r) be the second derivative of j(r). Determine v(-4).
3
Let t(l) = -l. Let v be t(-4). Let z(c) = c**2 + 5*c - 5 - v*c + c. Let d = -215 + 211. Calculate z(d).
3
Suppose -2*s - 3*r - 19 = 0, 5 + 12 = -s - 4*r. Suppose -1 = -2*u - u - 5*t, -2*t - 8 = -3*u. Let c(d) = -u*d + d + 0*d. Calculate c(s).
5
Let a(j) = -j**3 + 5*j**2 - 3*j + 4. Let u(g) = -2*g + 32. Let s be u(14). Determine a(s).
8
Let i(y) = 2*y. Let f = -2 + 0. Let o(q) = q**2 - 11*q - 27. Let w be o(13). Let a = f - w. Calculate i(a).
-2
Suppose 0 = -2*v + 6. Suppose 0 = -h + 4, -h - 4*h + 12 = -4*n. Let t(f) = -4 + f**n + 2 - 2. Calculate t(v).
5
Let c(f) = -f**2 + 3. Let u(y) = -2*y**2 - 16*y - 21. Let q be u(-6). Determine c(q).
-6
Let k(d) = d + 5. Let x(w) = 10*w**3 - w**2 - 16*w - 7. Let j(r) = 3*r**3 - 5*r - 2. Let y(s) = -7*j(s) + 2*x(s). Let h be y(-3). Calculate k(h).
5
Let t = -40 - -34. Let u(g) = -g**3 - 7*g**2 - 9*g - 5. What is u(t)?
13
Let n(c) = 2*c + 4. Let x = 6 - 11. What is n(x)?
-6
Let z be 3*(1 - 2)*2. Let v(b) be the third derivative of -b**6/120 - 7*b**5/60 - b**4/4 - b**3 - 5*b**2 - 6*b. Give v(z).
-6
Let m(s) = 3*s + 13*s**3 + 1 - 3*s + 0*s. Let a = -2 + 1. Calculate m(a).
-12
Let r(n) be the first derivative of 0*n - 2 - 1/2*n**2. Determine r(-6).
6
Let m(w) = -12*w**3 - 5*w + 1. Let t(y) = 36*y**2 - 1 - 36*y**2 + 11*y**3 + 4*y. Let r(g) = 4*m(g) + 5*t(g). Let v = -2 + 3. Give r(v).
6
Let x(d) be the second derivative of -d**3/6 + 2*d**2 - 6*d. Determine x(3).
1
Let h(j) = 2*j + 6. Let y = -36 + 30. Determine h(y).
-6
Suppose -4*s + i = -3*i + 24, 5*s - 3*i = -20. Let g be 5/(10/(-4)) + 0. Let y = s - g. Let u(l) = -10*l**3 + l. Give u(y).
-9
Let z(u) be the third derivative of u**4/8 - u**3 + 13*u**2. Determine z(-5).
-21
Let i(w) = 2*w + 6. Let y be i(-5). Let j(p) = p**3 - 7*p**2 + p - 4. Let u be j(7). Let r(h) = 5*h + u*h - 5 - 7*h. What is r(y)?
-9
Suppose 6*g = -2*g - 40. Let m(k) = k**3 + 4*k**2 - 6*k + 1. What is m(g)?
6
Suppose -f = 3*v + 15 - 4, 3